factors of 6251095397?
6251095397
What are the prime factors of 118324197?
3, 13147133
List the prime factors of 116451555.
3, 5, 11, 239, 2953
List the prime factors of 1967280.
2, 3, 5, 7, 1171
List the prime factors of 2904953383.
23, 126302321
List the prime factors of 44222731.
7, 6317533
What are the prime factors of 197209182?
2, 3, 113, 290869
List the prime factors of 289352635.
5, 11, 13, 499, 811
What are the prime factors of 10359618?
2, 3, 1726603
What are the prime factors of 3656443264?
2, 181, 157823
What are the prime factors of 1820673829?
13, 140051833
List the prime factors of 351945876.
2, 3, 97, 137, 2207
List the prime factors of 2092912008.
2, 3, 11, 7927697
List the prime factors of 48383329.
19, 23, 53, 2089
List the prime factors of 114197261.
233, 490117
List the prime factors of 74499180.
2, 3, 5, 7, 177379
List the prime factors of 21082410.
2, 3, 5, 113, 691
List the prime factors of 299784178.
2, 103, 1455263
List the prime factors of 75812822.
2, 101, 375311
What are the prime factors of 377248373?
377248373
What are the prime factors of 14417336?
2, 131, 13757
What are the prime factors of 41378555?
5, 8275711
List the prime factors of 72730516.
2, 907, 20047
What are the prime factors of 2528709835?
5, 31, 967, 16871
List the prime factors of 1583327413.
29, 54597497
What are the prime factors of 4056068038?
2, 11, 184366729
What are the prime factors of 2047286?
2, 1023643
What are the prime factors of 881749925?
5, 7, 5038571
List the prime factors of 6083799975.
3, 5, 11, 819367
What are the prime factors of 173412555?
3, 5, 53, 331, 659
What are the prime factors of 1170996252?
2, 3, 67, 359, 4057
List the prime factors of 5268842.
2, 109, 24169
What are the prime factors of 329943395?
5, 17, 23, 168769
List the prime factors of 3756730792.
2, 469591349
List the prime factors of 2292950213.
11423, 200731
List the prime factors of 49293587.
7, 7041941
What are the prime factors of 7250840017?
17, 16249, 26249
What are the prime factors of 5520670611?
3, 23, 80009719
What are the prime factors of 693269779?
41, 43, 461, 853
What are the prime factors of 31835637?
3, 3537293
List the prime factors of 180442508.
2, 45110627
What are the prime factors of 599670646?
2, 137, 349, 6271
List the prime factors of 143435515.
5, 89, 322327
List the prime factors of 532461850.
2, 5, 53, 200929
List the prime factors of 6817993414.
2, 3469, 982703
List the prime factors of 37470820.
2, 5, 1873541
List the prime factors of 1176524704.
2, 23, 1598539
List the prime factors of 104786758.
2, 23, 31, 73483
List the prime factors of 269130055.
5, 3581, 15031
List the prime factors of 509483866.
2, 43, 5924231
What are the prime factors of 599703178?
2, 37, 8104097
List the prime factors of 2743297173.
3, 101603599
What are the prime factors of 424703850?
2, 3, 5, 2831359
List the prime factors of 283320437.
283320437
What are the prime factors of 22194777?
3, 11, 257, 2617
List the prime factors of 488099199.
3, 7, 23242819
List the prime factors of 71673845.
5, 14334769
List the prime factors of 4774828470.
2, 3, 5, 159160949
List the prime factors of 137683643.
97, 461, 3079
What are the prime factors of 581013376?
2, 29, 193, 811
List the prime factors of 3026198700.
2, 3, 5, 7, 480349
List the prime factors of 1464049963.
157, 9325159
What are the prime factors of 295591388?
2, 53, 1394299
What are the prime factors of 246671897?
246671897
What are the prime factors of 117135667?
11, 10648697
What are the prime factors of 411508937?
7, 83, 269, 2633
List the prime factors of 365506124.
2, 2999, 30469
What are the prime factors of 113785240?
2, 5, 1487, 1913
What are the prime factors of 3312620725?
5, 101, 787, 1667
What are the prime factors of 384463488?
2, 3, 31, 32297
List the prime factors of 944920767.
3, 7, 127, 354301
What are the prime factors of 20265374?
2, 29, 349403
What are the prime factors of 12852344?
2, 1606543
List the prime factors of 301577769.
3, 11169547
List the prime factors of 779703042.
2, 3, 173, 389, 1931
What are the prime factors of 7941877615?
5, 7, 61, 227, 2341
What are the prime factors of 203937394?
2, 59, 79, 131, 167
What are the prime factors of 82416048?
2, 3, 11, 13, 12007
What are the prime factors of 38597099?
38597099
What are the prime factors of 91118626?
2, 45559313
What are the prime factors of 59053870?
2, 5, 5905387
What are the prime factors of 27532853?
41, 671533
List the prime factors of 2187021891.
3, 10093, 72229
List the prime factors of 3274902508.
2, 17, 48160331
List the prime factors of 509628388.
2, 23, 5539439
What are the prime factors of 2252639061?
3, 29, 823, 10487
List the prime factors of 450379168.
2, 269, 52321
What are the prime factors of 72258460?
2, 5, 3612923
What are the prime factors of 613816685?
5, 877, 139981
List the prime factors of 42664284.
2, 3, 13, 91163
What are the prime factors of 6096635584?
2, 13, 31, 236377
List the prime factors of 1042905762.
2, 3, 373, 155333
What are the prime factors of 265691203?
265691203
What are the prime factors of 5675592173?
5675592173
What are the prime factors of 42985704?
2, 3, 233, 7687
What are the prime factors of 186111861?
3, 13, 1559, 3061
List the prime factors of 520647009.
3, 2269, 76487
List the prime factors of 280299230.
2, 5, 17, 251, 6569
What are the prime factors of 2371005601?
2371005601
What are the prime factors of 1622235343?
1622235343
What are the prime factors of 271535728?
2, 337, 50359
List the prime factors of 982087175.
5, 29, 1354603
What are the prime factors of 5182968921?
3, 13, 132896639
What are the prime factors of 2594187836?
2, 648546959
What are the prime factors of 69223624?
2, 311, 27823
What are the prime factors of 132859507?
11, 163, 74099
What are the prime factors of 288848327?
288848327
List the prime factors of 28678117.
13, 169693
List the prime factors of 903134082.
2, 3, 3709, 40583
List the prime factors of 1549526081.
17, 71, 467, 2749
List the prime factors of 2012199553.
7, 13, 31, 14557
List the prime factors of 122967776.
2, 557, 6899
What are the prime factors of 5879707?
37, 367, 433
What are the prime factors of 558487037?
558487037
List the prime factors of 1933645632.
2, 3, 10071071
List the prime factors of 4166916.
2, 3, 13, 26711
List the prime factors of 122232335.
5, 24446467
List the prime factors of 599249943.
3, 67, 993781
List the prime factors of 341445274.
2, 170722637
What are the prime factors of 63093187?
63093187
What are the prime factors of 184689092?
2, 7, 41, 160879
List the prime factors of 217868591.
217868591
What are the prime factors of 561044363?
11, 173, 294821
List the prime factors of 54294510.
2, 3, 5, 1069, 1693
List the prime factors of 51445452.
2, 3, 4287121
What are the prime factors of 1569284824?
2, 17, 233, 49523
What are the prime factors of 334617228?
2, 3, 11, 43, 457
List the prime factors of 305757294.
2, 3, 167, 305147
List the prime factors of 1354456950.
2, 3, 5, 7, 11, 117269
List the prime factors of 40780007.
40780007
What are the prime factors of 106234285?
5, 21246857
What are the prime factors of 1241728441?
101, 1871, 6571
List the prime factors of 536554562.
2, 268277281
List the prime factors of 371514190.
2, 5, 37151419
What are the prime factors of 2808661857?
3, 61, 439, 34961
List the prime factors of 5467901100.
2, 3, 5, 18226337
List the prime factors of 2386784.
2, 74587
What are the prime factors of 18313544?
2, 2289193
List the prime factors of 668597571.
3, 8254291
List the prime factors of 39009793.
19, 151, 13597
What are the prime factors of 338787497?
43, 103, 76493
List the prime factors of 1435064125.
5, 11, 1043683
List the prime factors of 50677154.
2, 11, 101, 22807
List the prime factors of 74923977.
3, 24974659
List the prime factors of 669985513.
11621, 57653
List the prime factors of 24665374.
2, 12332687
What are the prime factors of 78650628?
2, 3, 7, 41, 557
List the prime factors of 1226929870.
2, 5, 122692987
List the prime factors of 31949484.
2, 3, 7, 23, 719
What are the prime factors of 1277352?
2, 3, 113, 157
List the prime factors of 6757205835.
3, 5, 367, 853, 1439
What are the prime factors of 173776397?
17, 10222141
List the prime factors of 286